e the highest common factor of 209 and 38.
19
Calculate the greatest common divisor of 129 and 48.
3
Calculate the greatest common factor of 73 and 73.
73
What is the greatest common divisor of 58 and 435?
29
What is the greatest common factor of 464 and 754?
58
What is the greatest common divisor of 200 and 584?
8
Calculate the highest common divisor of 78 and 26.
26
What is the greatest common factor of 6579 and 1071?
153
Calculate the highest common divisor of 1274 and 196.
98
Calculate the greatest common divisor of 1350 and 162.
54
Calculate the greatest common divisor of 5 and 5515.
5
What is the highest common factor of 17 and 43843?
17
Calculate the highest common divisor of 406 and 232.
58
What is the greatest common divisor of 224 and 154?
14
Calculate the highest common divisor of 4873 and 33.
11
What is the highest common divisor of 12201 and 1245?
249
Calculate the greatest common divisor of 2244 and 11.
11
What is the greatest common factor of 13186 and 190?
38
What is the greatest common divisor of 50 and 510?
10
Calculate the highest common divisor of 6 and 222.
6
What is the highest common factor of 8 and 480?
8
What is the highest common factor of 112 and 364?
28
What is the highest common factor of 440 and 1960?
40
Calculate the highest common divisor of 253 and 46.
23
What is the greatest common factor of 432 and 16?
16
Calculate the greatest common divisor of 91 and 6487.
13
What is the highest common factor of 48 and 10956?
12
Calculate the greatest common factor of 75 and 9.
3
What is the greatest common divisor of 9858 and 186?
186
Calculate the highest common factor of 2448 and 136.
136
What is the highest common divisor of 35 and 161?
7
What is the highest common factor of 488 and 793?
61
Calculate the greatest common factor of 13 and 4589.
13
What is the highest common divisor of 720 and 1776?
48
What is the highest common factor of 82 and 72?
2
Calculate the highest common divisor of 255 and 51.
51
What is the highest common factor of 1572 and 24?
12
What is the greatest common factor of 15 and 2220?
15
What is the greatest common divisor of 38 and 1273?
19
Calculate the highest common divisor of 35 and 238.
7
Calculate the highest common factor of 56 and 16492.
28
Calculate the greatest common divisor of 117 and 9.
9
What is the greatest common factor of 8 and 1432?
8
Calculate the highest common divisor of 32 and 688.
16
What is the greatest common divisor of 148 and 10804?
148
Calculate the highest common factor of 1000 and 8.
8
What is the greatest common divisor of 100 and 4050?
50
Calculate the greatest common divisor of 13 and 3120.
13
Calculate the highest common divisor of 168 and 2576.
56
What is the highest common divisor of 126 and 406?
14
Calculate the greatest common factor of 60 and 125.
5
Calculate the highest common divisor of 1975 and 5.
5
What is the highest common divisor of 18 and 198?
18
Calculate the highest common divisor of 10 and 1520.
10
What is the highest common factor of 1133 and 206?
103
What is the highest common factor of 207 and 333?
9
What is the greatest common divisor of 378 and 1806?
42
Calculate the highest common divisor of 4595 and 35.
5
What is the greatest common factor of 30 and 705?
15
What is the highest common divisor of 7 and 7357?
7
What is the greatest common factor of 486 and 48?
6
Calculate the greatest common factor of 399 and 42.
21
What is the highest common divisor of 51 and 4539?
51
Calculate the greatest common divisor of 248 and 1271.
31
Calculate the greatest common divisor of 1729 and 1064.
133
Calculate the highest common factor of 638 and 11.
11
What is the greatest common factor of 54 and 405?
27
What is the highest common divisor of 21 and 238?
7
Calculate the greatest common divisor of 48 and 312.
24
What is the highest common factor of 470 and 47?
47
Calculate the greatest common divisor of 34 and 17.
17
Calculate the highest common factor of 208 and 16.
16
What is the greatest common factor of 44 and 44?
44
Calculate the highest common factor of 9 and 279.
9
Calculate the highest common factor of 20 and 555.
5
Calculate the greatest common factor of 144 and 80.
16
What is the greatest common factor of 2142 and 510?
102
Calculate the highest common divisor of 43927 and 806.
403
What is the highest common divisor of 75 and 1075?
25
What is the greatest common divisor of 59 and 1711?
59
Calculate the greatest common divisor of 576 and 120.
24
Calculate the greatest common divisor of 29 and 51881.
29
Calculate the highest common divisor of 22113 and 546.
273
What is the highest common divisor of 228 and 44916?
228
What is the highest common divisor of 90 and 250?
10
What is the greatest common divisor of 52 and 130?
26
What is the highest common divisor of 15 and 3435?
15
What is the highest common factor of 192 and 13632?
192
What is the highest common divisor of 528 and 312?
24
Calculate the highest common divisor of 3618 and 54.
54
What is the highest common factor of 595 and 805?
35
Calculate the highest common factor of 1352 and 520.
104
What is the greatest common factor of 1344 and 98?
14
Calculate the highest common divisor of 4016 and 400.
16
Calculate the greatest common factor of 2673 and 44.
11
Calculate the greatest common divisor of 2223 and 104.
13
What is the greatest common divisor of 65 and 559?
13
What is the greatest common divisor of 2328 and 6?
6
What is the greatest common divisor of 2332 and 1537?
53
What is the greatest common divisor of 63 and 287?
7
What is the greatest common divisor of 104 and 18616?
104
What is the highest common factor of 84 and 564?
12
Calculate the highest common divisor of 603 and 45.
9
Calculate the highest common divisor of 245 and 147.
49
Calculate the highest common divisor of 189 and 42336.
189
What is the highest common factor of 225 and 250?
25
Calculate the greatest common factor of 182 and 806.
26
Calculate the highest common divisor of 54 and 153.
9
Calculate the greatest common factor of 29 and 2668.
29
What is the greatest common divisor of 63 and 504?
63
Calculate the highest common divisor of 2 and 5922.
2
Calculate the greatest common divisor of 16 and 208.
16
Calculate the highest common divisor of 97 and 1067.
97
What is the highest common divisor of 339 and 113?
113
Calculate the highest common divisor of 12309 and 22.
11
Calculate the highest common factor of 8 and 99928.
8
Calculate the greatest common divisor of 37 and 296.
37
What is the highest common divisor of 396 and 234?
18
What is the greatest common divisor of 40 and 36?
4
Calculate the highest common divisor of 6517 and 532.
133
Calculate the greatest common divisor of 96 and 352.
32
Calculate the highest common divisor of 5 and 18.
1
What is the highest common factor of 48 and 128?
16
Calculate the greatest common divisor of 79 and 25.
1
What is the highest common divisor of 64 and 1216?
64
What is the highest common divisor of 124 and 930?
62
What is the highest common factor of 154 and 28?
14
What is the greatest common divisor of 629 and 34?
17
What is the greatest common factor of 416 and 35984?
208
Calculate the highest common divisor of 56 and 4024.
8
What is the greatest common factor of 48 and 36?
12
Calculate the greatest common factor of 4484 and 590.
118
Calculate the highest common factor of 66 and 242.
22
Calculate the highest common divisor of 17 and 391.
17
Calculate the greatest common divisor of 62 and 1054.
62
Calculate the greatest common divisor of 75 and 525.
75
What is the greatest common divisor of 705 and 15?
15
What is the greatest common factor of 882 and 7546?
98
Calculate the greatest common divisor of 281 and 3.
1
Calculate the highest common divisor of 10 and 90.
10
What is the greatest common divisor of 1 and 89?
1
What is the greatest common factor of 111 and 21756?
111
What is the highest common factor of 366 and 12?
6
Calculate the highest common factor of 180 and 99.
9
What is the highest common factor of 396 and 726?
66
Calculate the greatest common divisor of 156 and 546.
78
Calculate the greatest common divisor of 85 and 5.
5
Calculate the greatest common factor of 602 and 43.
43
Calculate the greatest common factor of 5 and 995.
5
What is the greatest common divisor of 13226 and 